on divisor of f and 19.
19
Suppose w - 18 = 2*l, 0 = w + 3*w - 2*l - 54. Let r be 596/10 + (-2)/(-5). What is the greatest common factor of w and r?
12
Let f be (-7 - -5) + 9 - -578. What is the highest common factor of f and 45?
45
Suppose 5*k + 3*d - 466 = 0, -206 = -3*k + 3*d + 64. Calculate the greatest common factor of k and 92.
92
Let l be (15 - 23)*(-2)/(-4). Let g = l - -3. Let c be (-2)/6*(g + -23). What is the highest common divisor of c and 80?
8
Let q be 1*(-5)/(-15)*24/2. Let x be (0 - (1 - 1))/(-2). Suppose x = 4*z - 5*p - q - 19, -z - 3*p + 27 = 0. Calculate the highest common divisor of z and 108.
12
Let q be 1/(((-8)/(-516))/(12/18)). What is the greatest common divisor of 387 and q?
43
Let o be 503/4 + (-81)/(-324). What is the highest common factor of o and 210?
42
Let w be 4/6*(-60)/(-8). Let v = 46 + -39. Suppose -19 = -v*k + 86. What is the highest common divisor of k and w?
5
Suppose -5*j - 4*i = -711 - 148, -2*j = -2*i - 340. Calculate the highest common factor of j and 228.
57
Suppose 3*z = 5*f + 284, -f + 84 = 5*z - 4*z. Let d be (-1 - -3) + 1 - -5. What is the greatest common factor of d and z?
8
Let l be (-42)/49 + 26/14 - -2. Let q(r) = -r + 1. Let y be q(-1). Calculate the greatest common divisor of y and l.
1
Let c be (-185)/(-3) + ((-1200)/(-45))/20. What is the greatest common factor of c and 27?
9
Let u be 20*(1 - 0 - (-3)/(-15)). Suppose h - 1 = -4, -2*a = 3*h + 973. Let m be (-4)/20 - a/10. What is the highest common divisor of m and u?
16
Let f be (-824)/(-2) + (187 - 183). What is the greatest common divisor of 64 and f?
32
Let w(q) = 1 + q + 0 + 6 + 4. Let z be w(-9). Suppose -4*c = -z*s + s - 86, -3*c - s + 61 = 0. Calculate the greatest common divisor of 3 and c.
3
Suppose 18*u - 306 = 9*u. Let j(t) = t**3 - t**2 + t + 306. Let n be j(0). What is the highest common factor of n and u?
34
Let i be ((-2)/(-3))/(1/3). Suppose i*z = -3*u + 42, 5*u + 2*z - 68 = 6. Let j be -25*(-77)/110 - (-3)/(-2). Calculate the greatest common divisor of u and j.
16
Let y(g) = 63*g**2 + 7*g - 2. Let c be y(2). Calculate the greatest common divisor of c and 33.
33
Suppose 7*u - 15*u + 552 = 0. Suppose -h + 4*v = -u, 0 = h + 2*v - v - 54. What is the highest common factor of h and 19?
19
Let h(x) = 3*x + 1. Let d be h(4). What is the greatest common divisor of 832 and d?
13
Suppose -4*f = 2*j - 6*j, j + 16 = 5*f. Suppose -3*a - 114 = -4*q, -q - j*a - a = -40. What is the highest common divisor of q and 330?
30
Suppose 0 = d + 2*h + 69, -4*d = -3*h + 416 - 118. Let q = 133 + d. Let g = 100 - q. Calculate the greatest common factor of 10 and g.
10
Suppose -3*z - 5*p + 18 = -3, -3*z - 3*p = -15. Calculate the greatest common divisor of z and 11.
1
Let g = 4100 - 4091. Let n be 2/(-7) + (-886)/(-14). What is the highest common divisor of n and g?
9
Suppose -i + 17 = -2*d, -58*d = -i - 61*d + 17. What is the greatest common factor of 51 and i?
17
Let g(a) = a**2 + 12*a - 11. Let q be g(-13). Let u = 56 + -34. Calculate the greatest common divisor of q and u.
2
Let n(s) = -172*s + 10. Let i be n(-2). Suppose -6*k + 834 = -i. What is the highest common factor of k and 18?
18
Let k(y) = 2*y**3 + 11*y**2 - 6*y + 3. Let t be k(-6). Suppose w - 46 = -t*v, w + 4*w = 3*v - 40. Calculate the highest common factor of 5 and v.
5
Let p(n) = n**2 - 17*n - 72. Let h be p(21). Calculate the greatest common factor of 348 and h.
12
Let u be (-1)/(1/(5/(-1))). Suppose -a + 2 = x - 1, 0 = x + u*a - 7. Suppose x*j + 15 = 6*j - w, 3*w = 3*j - 18. Calculate the highest common factor of 2 and j.
1
Suppose -3*l + 80 = -9*f + 7*f, -3*l = 4*f - 56. Calculate the greatest common divisor of l and 300.
12
Let y(m) = m**2 + 7*m + 23. Let u be y(-6). What is the greatest common factor of 68 and u?
17
Let x(w) = 334*w - 4. Let d be x(1). Calculate the greatest common divisor of d and 30.
30
Suppose -5*f - 147 = -g + 213, f + 684 = 2*g. Let t = 725 - g. What is the greatest common factor of 55 and t?
55
Let o = 481 - 169. What is the greatest common factor of 728 and o?
104
Let n(g) be the first derivative of -g**3/3 + 3*g**2 - 4*g - 2. Let s be n(5). Let z be s/2 - (-805)/10. What is the greatest common factor of z and 9?
9
Suppose l + 2*t - 6*t - 354 = 0, -4*l + t = -1401. Calculate the highest common factor of l and 35.
35
Let u(z) = -z**3 + 6*z**2 + 10*z - 9. Let w be u(-5). What is the highest common divisor of 27 and w?
27
Let c = -737 + 739. Calculate the greatest common factor of 10 and c.
2
Let p = 23 - 40. Suppose 5*a + 104 = 9*a. Let l = p + a. What is the highest common divisor of l and 6?
3
Suppose 7*j - 78 = 5*j. What is the greatest common divisor of j and 195?
39
Let s(u) = -u**3 + 10*u**2 + 9*u. Let o be s(6). Calculate the highest common divisor of 36 and o.
18
Let c(r) = 52*r - 3. Let j be c(3). Suppose 0 = -2*k + 4*h, -4*k + 12 = 3*h + h. Let b be (-832)/(-48) - k/6. Calculate the greatest common factor of j and b.
17
Suppose 14*m - 225 = -127. What is the greatest common factor of m and 28?
7
Let d(g) = -5*g**3 - g**2 - g - 3. Let i(k) = 4*k**3 + 2*k**2 + 2. Let b(l) = 3*d(l) + 4*i(l). Let v be b(-4). What is the greatest common factor of 243 and v?
27
Suppose -5*s - 689 = 21. Let n = -58 - s. Calculate the highest common factor of 12 and n.
12
Let s = 25 + 0. Let f be 1 - (1 - (2 + -2)) - -2. Suppose 0 = -f*q + 7*q - 1375. Calculate the greatest common divisor of s and q.
25
Let l be ((-4)/(-28)*-7)/(2/(-4)). What is the greatest common factor of 38 and l?
2
Let s(k) = k**3 + 8*k**2 + 7*k - 13. Let c be s(-4). What is the greatest common factor of 5060 and c?
23
Let d be (-9 + 0)*3/(-9). Let i be d*(-3)/(-9) + -4. Let v be (0 + 2 - -21) + i. What is the highest common factor of v and 2?
2
Suppose 2*c + 528 = b, -b - b + 1056 = 4*c. Calculate the greatest common factor of 22 and b.
22
Let n = 832 - 819. Suppose -4*m + 0*m + 568 = 0. Let f = -77 + m. Calculate the greatest common factor of n and f.
13
Suppose -1 - 4 = 5*w. Let a be w - ((-7 - -4) + -1). What is the highest common factor of 24 and a?
3
Let t be (-6)/2 + 12 + 95 + -2. What is the highest common factor of 68 and t?
34
Let d = -1 + 16. Calculate the greatest common factor of 30 and d.
15
Suppose 17*l = 19*l - 16. Suppose -6*f + 4*f = -48. Calculate the highest common factor of f and l.
8
Suppose g + 3*y - 2*y = 15, 3*y - 7 = -g. Suppose -j + 126 + 7 = 0. Calculate the highest common divisor of g and j.
19
Let u(h) be the second derivative of 13*h**5/20 + h**4/6 + h**3/6 - h**2 - 9*h. Let p be u(1). What is the highest common factor of 28 and p?
14
Let w = 401 - 278. Let v = w + -71. Calculate the greatest common factor of v and 4.
4
Let q(c) = -2*c - 2. Suppose 3*m - 5*i = -17, -4*m - 13 = 2*i + i. Let o be q(m). Calculate the greatest common divisor of o and 6.
6
Suppose -o = -3*g + 16 + 33, 31 = g - 4*o. Calculate the greatest common factor of 33 and g.
3
Let u(z) = 7*z - 13. Let m be u(2). Let i = m + 39. Calculate the highest common divisor of 30 and i.
10
Suppose 5*i - 915 = q, -2*q + 574 = 3*i + 38. Calculate the greatest common divisor of i and 126.
14
Let v be 350/(-100)*(-2 + -2). Calculate the highest common divisor of 658 and v.
14
Let i be -6 + 4 + -243*1. Let t = -133 - i. Let j(y) = -y**2 + 13*y - 28. Let n be j(7). Calculate the highest common factor of n and t.
14
Let w = 63 + -27. Let z(m) = -6*m + 24. Let c be z(-5). Calculate the highest common factor of w and c.
18
Suppose 14*g = 12*g + 6. Let q be (102/30 - g)*10. Calculate the greatest common factor of q and 16.
4
Suppose 3*m - 15*u + 19*u - 1058 = 0, 2*m = -u + 702. What is the highest common divisor of m and 280?
70
Let k = -42 - -72. Suppose 0 = -0*s + 3*s - 5*f, f = 0. Suppose -18 = -d + 3*u, s = -d + 3*d - 4*u - 32. What is the greatest common factor of d and k?
6
Suppose 0 = -2*n - n + 12. Let y be (-4)/(n/(-56)*4). Calculate the greatest common divisor of 70 and y.
14
Suppose -5*t - 2*h - 2*h = 0, 0 = 2*h + 10. Suppose 5*n - 45 = 4*n. Suppose t*k - 301 = -n. Calculate the greatest common factor of 16 and k.
16
Let h(m) = m + 28. Let r be h(-15). Suppose 4*o = -w + r, 2*w = -3*w - 2*o + 65. Calculate the highest common divisor of 26 and w.
13
Let b(u) = -37*u - 36. Let i be b(-3). What is the great